by 20/8*4/g.
2
Suppose -3*k + 530 = 89. Let i = -65 + k. Suppose -i = -2*q + 26. What is the remainder when q is divided by 14?
12
Let u(p) = 1 - 2 + 162*p - 155*p. Let q be u(3). Let h = q + -3. What is the remainder when 66 is divided by h?
15
Suppose 10*v + 198 = 278. Let u = 80 - 51. What is the remainder when u is divided by v?
5
Suppose -4*g = 2*s - 66, -s + g + 0*g = -36. What is the remainder when s is divided by 11?
2
Suppose 5*r - 4956 = -9*r. What is the remainder when r is divided by 21?
18
Let x(j) = -3*j. Let l be x(-1). Suppose -3*a + 96 = -0*a - l*h, 0 = -5*a - h + 172. What is the remainder when a is divided by (1 - 134/(-17)) + 122/1037?
7
Let x = 170 + -95. What is the remainder when x is divided by 20?
15
Let f(i) = i**2 + 3*i - 4. Let a be ((-3)/4)/(1/(-8)). What is the remainder when f(6) is divided by (51/a)/(3/6)?
16
Let i(c) be the second derivative of -c**4/12 + 5*c**3/3 - 2*c. Suppose 4 = g, -5*q + 2*g - 8 = -40. Calculate the remainder when 29 is divided by i(q).
13
Suppose -9*r - 89 + 395 = 0. Calculate the remainder when r is divided by 7.
6
Let v = 399 - 389. What is the remainder when 17 is divided by v?
7
Let n(d) = -d**3 + 8*d**2 - 8*d - 2. Let m(p) = -p**3 - 15*p**2 + p + 21. Let g be m(-15). What is the remainder when 62 is divided by n(g)?
18
Let i(x) = -2*x**2 + 15*x + 5. Calculate the remainder when 93 is divided by i(4).
27
Suppose u - 3*z = 4, 0*u - 3*u + 5*z + 28 = 0. Suppose -3*l + n = 4*n - 165, -n - 245 = -4*l. What is the remainder when l is divided by u?
12
Suppose 0*k = 9*k - 72. Let c(f) = 4*f + 3. What is the remainder when c(2) is divided by k?
3
Suppose -2*g + d = 24, 0 = 4*g - d + 44. What is the remainder when 37 is divided by (-10)/25 + 1 + (-104)/g?
4
Suppose -19*v + 40 = -11*v. Let m(z) = 5*z - 10. What is the remainder when 177 is divided by m(v)?
12
Suppose 0 = -36*u + 62*u - 1248. Calculate the remainder when 475 is divided by u.
43
Calculate the remainder when 326/((-38)/95 - 6/(-10)) is divided by 16.
14
Let r be 3/9*3 - -3. Let c be (r/(-12))/((-3)/585). Calculate the remainder when 93 is divided by (-156)/c*(-10 - 0).
21
Let m(f) = 7*f - 17. Let a(v) = -8*v + 18. Let q(b) = 6*a(b) + 7*m(b). Let g be q(8). What is the remainder when 14 is divided by -1 - -3 - (g + 0)?
4
Suppose -57*m = 5*m - 744. Calculate the remainder when 266 is divided by m.
2
Suppose 0 = 5*s - 4*y + 146 - 2, -s - 4*y - 48 = 0. Let j = -31 - s. What is the remainder when 1 is divided by j?
0
Suppose -2*r = -4*u + 10, 6*u - 9*u + 11 = -5*r. Suppose -33 = -3*f + 18. Let h = f + -12. What is the remainder when h is divided by u?
1
Suppose -4*j + k = 3*k - 460, 5*k = -4*j + 460. Calculate the remainder when j is divided by 51.
13
Suppose 588*g - 573*g = 165. What is the remainder when 1680 is divided by g?
8
Suppose k + 5*z = 4*z + 28, 3*k - 77 = 4*z. What is the remainder when 50 is divided by k?
23
Suppose 0 = -126*a + 125*a + 90. Suppose 101 = 4*n - 5*o, n + o + 4 = 27. Calculate the remainder when a is divided by n.
18
Suppose 3*l = -3*i + 963, 2*i - 4*l = 4*i - 634. Suppose 0 = 48*d - 53*d + i. What is the remainder when d is divided by 11?
10
Let m(o) = 7*o + 13. Let j be 3/5*(-30)/(-6). Calculate the remainder when m(j) is divided by 12.
10
What is the remainder when ((-20)/(-8))/(9/522) is divided by 27?
10
Suppose 5*q = 4*q - y + 190, 2*q - 385 = -y. Suppose k = 5*j - q, j = 2*k - 4*k - 401. Let i = -106 - k. What is the remainder when i is divided by 32?
30
Let z = -139 - -160. Let m(v) = -v**3 + 9*v**2 - 9*v + 4. Let y be m(8). What is the remainder when z is divided by ((-6)/y)/((-1)/(-4))?
3
Suppose 5*i - 551 = -2*x, -5*i = 4*x - 465 - 652. Calculate the remainder when x is divided by 18.
13
Suppose -5*o - 18 = 22. Let n(i) = -i**3 - 6*i**2 + 8*i - 9. Let d be n(o). Calculate the remainder when ((-30)/(-15))/(2/d) is divided by 19.
17
Let n(v) = 2*v**2 + 19*v - 10. Let f = 26 - 37. What is the remainder when (8 - (-2)/(-2))*13 is divided by n(f)?
22
Let m = -66 + 92. What is the remainder when 63 is divided by m?
11
Suppose 5*g + 18 = s, 2*s - 50 = -g - 14. Let u be (5/(-2))/((-10)/(-60)). Let b = s + u. What is the remainder when 5 is divided by b?
2
Let k be (-645)/(-30) + (-2)/(-8)*-2. Suppose 32*q = 35*q - k. Calculate the remainder when 12 is divided by q.
5
Suppose -5*z - 26 = -q, 3*q + 2*z - 5 = 2*q. Let o(j) = 6*j - 2 - 1 - 2 + 3*j. What is the remainder when o(5) is divided by q?
7
Suppose 119 + 4 = 41*b. Calculate the remainder when 18 is divided by b.
0
Let n = -64 - -109. Suppose -2*c + n - 3 = 2*j, -2*j + 56 = -5*c. What is the remainder when 136 is divided by j?
21
Suppose 0 = -4*n - 16 - 4. Let c = 40 + -9. What is the remainder when c is divided by (-1 - 2/n) + 986/85?
9
Suppose q - 2*h - 366 = -65, 5*q + 4*h = 1505. What is the remainder when q is divided by 19?
16
Let i(x) = 19*x**2 - 292*x. Calculate the remainder when i(17) is divided by 38.
33
Let j(z) = -2*z**3 + 56*z**2 + 2*z + 13. What is the remainder when j(28) is divided by 35?
34
Let u(q) be the third derivative of -5*q**2 - 1/2*q**3 + 0*q - 1/24*q**4 + 0. What is the remainder when u(-5) is divided by 2?
0
Let v(u) = u**2 - 56*u - 81. Let b = 22 + -11. What is the remainder when v(59) is divided by b?
8
Let x(d) = 18*d - 55. What is the remainder when x(6) is divided by 23?
7
Suppose 2*o - 5 = 1. Let w(l) = l**3 + 6*l**2 + 7*l + 1. Calculate the remainder when w(-2) is divided by o.
0
Calculate the remainder when 14 is divided by 3/(7/3 - (2 - 0)).
5
Let r = 30 - 30. Suppose -a + 73 + 128 = r. What is the remainder when a is divided by 17?
14
Let m = 12 + -16. Let h(j) = 2*j**2 + 5*j. Let w = -50 - -109. Calculate the remainder when w is divided by h(m).
11
Let s(h) = h**2 + 17. Let p be (5 - 2)/((-18)/132). Let i = 10 - p. Calculate the remainder when i is divided by s(0).
15
Suppose 286*c = 282*c + 528. Calculate the remainder when c is divided by 43.
3
Suppose -3*f + 26 = -46. What is the remainder when (0 + 6)*((-43)/(-2) - -2) is divided by f?
21
Let h be -12*12/(-9) - 1. Suppose 0 = -h*n + 11*n + 8. Suppose -2*z - x + 27 = 4*x, -4*z = -2*x - 18. What is the remainder when z is divided by n?
0
Let v = -41 - -26. Let c(o) = -o**3 - 15*o**2 - 6*o - 40. Calculate the remainder when 145 is divided by c(v).
45
Let q be (3/(-6) - -1) + 534/4. Suppose -3*a + q = -w + 3*w, -a + 4 = 0. Calculate the remainder when w is divided by 22.
17
Let y = 7 + -3. Suppose 3*v + 433 = 4*l, -y*v + 219 = 2*l - 5*v. What is the remainder when l is divided by (7/28)/(1/76)?
17
Suppose 0 = -r + 3*c + c + 30, 174 = 5*r + 4*c. Calculate the remainder when 97/1 + 3/(-2 + 5) is divided by r.
30
Let s(q) = 66*q**2 + 10*q + 8. Calculate the remainder when 252 is divided by s(-1).
60
Let u = -1527 + 1542. What is the remainder when 56 is divided by u?
11
Let i(d) = -59*d - 184. Calculate the remainder when i(-14) is divided by 38.
34
Suppose -14 = 2*x - 26. Suppose 31 = -x*f + f + 4*o, -11 = f - 2*o. What is the remainder when -2 - 18/f - -29 is divided by 17?
16
Let n(s) = -33*s + 151. What is the remainder when 165 is divided by n(3)?
9
Let v = 1094 - 1029. What is the remainder when v is divided by 3/(-2)*44/(-2)?
32
Let j(c) = -5*c + 3. Let q be j(6). Let r = 10 - q. Let f(n) = n**2 - 6*n + 3. What is the remainder when r is divided by f(8)?
18
Let m(z) = -z**2 - 23*z - 20. What is the remainder when 6 is divided by m(-22)?
0
Let w = 156 + -138. Suppose 0 = 5*j - 53 - 7. Calculate the remainder when 2/3 - (-628)/j is divided by w.
17
Let j(l) = 57*l - 16. What is the remainder when j(5) is divided by 34?
31
Suppose t - 11*t = -140. What is the remainder when t is divided by 6?
2
Let g(f) = -2*f**2 + 14*f. Calculate the remainder when 159 is divided by g(2).
19
Let s = -5 - -2. Let u(b) = b**2 + 9*b + 2. Let c(z) = z**2 + 8*z + 2. Let a(k) = s*u(k) + 4*c(k). What is the remainder when 6 is divided by a(-5)?
0
Calculate the remainder when (5/10)/(4 - (-599)/(-150)) is divided by 28.
19
Let c(k) = 2*k**3 - 2*k**2 + 16*k - 68. Let z = 123 - 79. What is the remainder when z is divided by c(3)?
12
Suppose -3*t = 3*d + 2*d - 81, 5*d = -t + 77. Suppose -57 - 55 = -4*c. Calculate the remainder when c is divided by d.
13
Suppose 0 = 3*u - 2*u + 3, 0 = -